{"id":102,"date":"2016-08-30T21:06:35","date_gmt":"2016-08-30T19:06:35","guid":{"rendered":"http:\/\/dev.irland-fan.de\/?page_id=102"},"modified":"2016-12-14T17:14:31","modified_gmt":"2016-12-14T16:14:31","slug":"die-bucht-von-tralee","status":"publish","type":"page","link":"https:\/\/www.irland-fan.de\/?page_id=102","title":{"rendered":"Die Bucht von Tralee"},"content":{"rendered":"<p>In sanfter Biegung aus wei\u00dfem Sand<br \/>\nf\u00e4ngt sich das Meer und wird still.<br \/>\nRegenwolken vom Wind gebannt<br \/>\nwehen \u00fcber den einsamen Strand<br \/>\nzu einem anderen Ziel.<\/p>\n<p>Der Liebe gleichend verwandelt sie<br \/>\nalles St\u00fcrmen und Wogen<br \/>\nin nat\u00fcrliche Harmonie.<br \/>\nSo entsteht in der Bucht von Tralee<br \/>\nein zarter Regenbogen.<\/p>\n","protected":false},"excerpt":{"rendered":"<p>In sanfter Biegung aus wei\u00dfem Sand f\u00e4ngt sich das Meer und wird still. Regenwolken vom Wind gebannt wehen \u00fcber den einsamen Strand zu einem anderen Ziel. Der Liebe gleichend verwandelt sie alles St\u00fcrmen und Wogen in nat\u00fcrliche Harmonie. So entsteht in der Bucht von Tralee ein zarter Regenbogen.<\/p>\n","protected":false},"author":2,"featured_media":0,"parent":68,"menu_order":0,"comment_status":"closed","ping_status":"closed","template":"","meta":{"footnotes":""},"class_list":["post-102","page","type-page","status-publish","hentry"],"_links":{"self":[{"href":"https:\/\/www.irland-fan.de\/index.php?rest_route=\/wp\/v2\/pages\/102","targetHints":{"allow":["GET"]}}],"collection":[{"href":"https:\/\/www.irland-fan.de\/index.php?rest_route=\/wp\/v2\/pages"}],"about":[{"href":"https:\/\/www.irland-fan.de\/index.php?rest_route=\/wp\/v2\/types\/page"}],"author":[{"embeddable":true,"href":"https:\/\/www.irland-fan.de\/index.php?rest_route=\/wp\/v2\/users\/2"}],"replies":[{"embeddable":true,"href":"https:\/\/www.irland-fan.de\/index.php?rest_route=%2Fwp%2Fv2%2Fcomments&post=102"}],"version-history":[{"count":2,"href":"https:\/\/www.irland-fan.de\/index.php?rest_route=\/wp\/v2\/pages\/102\/revisions"}],"predecessor-version":[{"id":104,"href":"https:\/\/www.irland-fan.de\/index.php?rest_route=\/wp\/v2\/pages\/102\/revisions\/104"}],"up":[{"embeddable":true,"href":"https:\/\/www.irland-fan.de\/index.php?rest_route=\/wp\/v2\/pages\/68"}],"wp:attachment":[{"href":"https:\/\/www.irland-fan.de\/index.php?rest_route=%2Fwp%2Fv2%2Fmedia&parent=102"}],"curies":[{"name":"wp","href":"https:\/\/api.w.org\/{rel}","templated":true}]}}