{"id":112,"date":"2016-08-30T21:09:51","date_gmt":"2016-08-30T19:09:51","guid":{"rendered":"http:\/\/dev.irland-fan.de\/?page_id=112"},"modified":"2016-12-14T17:15:58","modified_gmt":"2016-12-14T16:15:58","slug":"connemara-ponyshow","status":"publish","type":"page","link":"https:\/\/www.irland-fan.de\/?page_id=112","title":{"rendered":"Connemara Ponyshow"},"content":{"rendered":"<p>Der Stolz Connemaras<br \/>\ndie Ponies &#8211;<br \/>\nz\u00e4h &#8211;<br \/>\nvon arabischem Blut.<\/p>\n<p>Zum Fest wird in Clifden<br \/>\ndie Wahl der Besten.<br \/>\nVor allem der Hengst bringt dem Besitzer Ehre.<br \/>\nDie Preisrichter &#8211;<br \/>\nLords und Ladies<br \/>\nenglischen Schlages<br \/>\nin irischem Tweed.<br \/>\nDas Publikum &#8211;<br \/>\nirische Bauern,<br \/>\nTouristen,<br \/>\nK\u00e4ufer aus aller Welt.<\/p>\n<p>Zu klappernden Rhythmen<br \/>\ng\u00e4lischer T\u00e4nze, klagender Fl\u00f6tenmusik<br \/>\ntraben die Pferde stolz ihre Runde<br \/>\nunber\u00fchrt von menschlicher Wertung.<\/p>\n","protected":false},"excerpt":{"rendered":"<p>Der Stolz Connemaras die Ponies &#8211; z\u00e4h &#8211; von arabischem Blut. Zum Fest wird in Clifden die Wahl der Besten. Vor allem der Hengst bringt dem Besitzer Ehre. Die Preisrichter &#8211; Lords und Ladies englischen Schlages in irischem Tweed. Das Publikum &#8211; irische Bauern, Touristen, K\u00e4ufer aus aller Welt. Zu klappernden Rhythmen g\u00e4lischer T\u00e4nze, klagender [&hellip;]<\/p>\n","protected":false},"author":2,"featured_media":0,"parent":68,"menu_order":0,"comment_status":"closed","ping_status":"closed","template":"","meta":{"footnotes":""},"class_list":["post-112","page","type-page","status-publish","hentry"],"_links":{"self":[{"href":"https:\/\/www.irland-fan.de\/index.php?rest_route=\/wp\/v2\/pages\/112","targetHints":{"allow":["GET"]}}],"collection":[{"href":"https:\/\/www.irland-fan.de\/index.php?rest_route=\/wp\/v2\/pages"}],"about":[{"href":"https:\/\/www.irland-fan.de\/index.php?rest_route=\/wp\/v2\/types\/page"}],"author":[{"embeddable":true,"href":"https:\/\/www.irland-fan.de\/index.php?rest_route=\/wp\/v2\/users\/2"}],"replies":[{"embeddable":true,"href":"https:\/\/www.irland-fan.de\/index.php?rest_route=%2Fwp%2Fv2%2Fcomments&post=112"}],"version-history":[{"count":1,"href":"https:\/\/www.irland-fan.de\/index.php?rest_route=\/wp\/v2\/pages\/112\/revisions"}],"predecessor-version":[{"id":113,"href":"https:\/\/www.irland-fan.de\/index.php?rest_route=\/wp\/v2\/pages\/112\/revisions\/113"}],"up":[{"embeddable":true,"href":"https:\/\/www.irland-fan.de\/index.php?rest_route=\/wp\/v2\/pages\/68"}],"wp:attachment":[{"href":"https:\/\/www.irland-fan.de\/index.php?rest_route=%2Fwp%2Fv2%2Fmedia&parent=112"}],"curies":[{"name":"wp","href":"https:\/\/api.w.org\/{rel}","templated":true}]}}