{"id":485,"date":"2016-12-14T17:23:11","date_gmt":"2016-12-14T16:23:11","guid":{"rendered":"http:\/\/www.irland-fan.de\/?page_id=485"},"modified":"2016-12-14T17:23:11","modified_gmt":"2016-12-14T16:23:11","slug":"das-stille-tal","status":"publish","type":"page","link":"https:\/\/www.irland-fan.de\/?page_id=485","title":{"rendered":"Das stille Tal"},"content":{"rendered":"<p>In tiefer Stille liegt das Tal,<br \/>\nfast unber\u00fchrt von des Menschen Hand.<br \/>\nNur Steine zeugen von vergangnen Tagen<br \/>\nund einer Zeit, in der der Mensch hier Heimat fand.<br \/>\nAuf stummen H\u00fcgeln grasen Schafe,<br \/>\nganz ungest\u00f6rt vom L\u00e4rm der Zeit<br \/>\nund hoch am Himmel singen Lerchen<br \/>\nvon einem Paradies, das hier bestand seit Ewigkeit.<br \/>\nDoch in der Ferne<br \/>\nhorch das Dr\u00f6hnen<br \/>\nvon Bussen, Fliegern, Menschgeschrei.<br \/>\nEinklang mit der Natur?<br \/>\nVergiss das Tr\u00e4umen!<br \/>\nDie Unber\u00fchrtheit ist nun vorbei<\/p>\n","protected":false},"excerpt":{"rendered":"<p>In tiefer Stille liegt das Tal, fast unber\u00fchrt von des Menschen Hand. Nur Steine zeugen von vergangnen Tagen und einer Zeit, in der der Mensch hier Heimat fand. Auf stummen H\u00fcgeln grasen Schafe, ganz ungest\u00f6rt vom L\u00e4rm der Zeit und hoch am Himmel singen Lerchen von einem Paradies, das hier bestand seit Ewigkeit. Doch in [&hellip;]<\/p>\n","protected":false},"author":1,"featured_media":0,"parent":68,"menu_order":0,"comment_status":"closed","ping_status":"closed","template":"","meta":{"footnotes":""},"class_list":["post-485","page","type-page","status-publish","hentry"],"_links":{"self":[{"href":"https:\/\/www.irland-fan.de\/index.php?rest_route=\/wp\/v2\/pages\/485","targetHints":{"allow":["GET"]}}],"collection":[{"href":"https:\/\/www.irland-fan.de\/index.php?rest_route=\/wp\/v2\/pages"}],"about":[{"href":"https:\/\/www.irland-fan.de\/index.php?rest_route=\/wp\/v2\/types\/page"}],"author":[{"embeddable":true,"href":"https:\/\/www.irland-fan.de\/index.php?rest_route=\/wp\/v2\/users\/1"}],"replies":[{"embeddable":true,"href":"https:\/\/www.irland-fan.de\/index.php?rest_route=%2Fwp%2Fv2%2Fcomments&post=485"}],"version-history":[{"count":1,"href":"https:\/\/www.irland-fan.de\/index.php?rest_route=\/wp\/v2\/pages\/485\/revisions"}],"predecessor-version":[{"id":486,"href":"https:\/\/www.irland-fan.de\/index.php?rest_route=\/wp\/v2\/pages\/485\/revisions\/486"}],"up":[{"embeddable":true,"href":"https:\/\/www.irland-fan.de\/index.php?rest_route=\/wp\/v2\/pages\/68"}],"wp:attachment":[{"href":"https:\/\/www.irland-fan.de\/index.php?rest_route=%2Fwp%2Fv2%2Fmedia&parent=485"}],"curies":[{"name":"wp","href":"https:\/\/api.w.org\/{rel}","templated":true}]}}