{"id":504,"date":"2016-12-14T17:44:13","date_gmt":"2016-12-14T16:44:13","guid":{"rendered":"http:\/\/www.irland-fan.de\/?page_id=504"},"modified":"2018-02-10T19:20:27","modified_gmt":"2018-02-10T18:20:27","slug":"maerz-2014","status":"publish","type":"page","link":"https:\/\/www.irland-fan.de\/?page_id=504","title":{"rendered":"Ein langes Leben"},"content":{"rendered":"<p>Ein langes Leben<br \/>\nso kurz<br \/>\ndas Kind mit den Z\u00f6pfen<br \/>\ndas lachende M\u00e4dchen<br \/>\ndie junge Frau mit den Tr\u00e4nen<br \/>\ndie \u00c4rztin in st\u00e4ndiger Verantwortung<br \/>\nein Leben lang<br \/>\nso kurz<\/p>\n","protected":false},"excerpt":{"rendered":"<p>Ein langes Leben so kurz das Kind mit den Z\u00f6pfen das lachende M\u00e4dchen die junge Frau mit den Tr\u00e4nen die \u00c4rztin in st\u00e4ndiger Verantwortung ein Leben lang so kurz<\/p>\n","protected":false},"author":1,"featured_media":0,"parent":82,"menu_order":0,"comment_status":"closed","ping_status":"closed","template":"","meta":{"footnotes":""},"class_list":["post-504","page","type-page","status-publish","hentry"],"_links":{"self":[{"href":"https:\/\/www.irland-fan.de\/index.php?rest_route=\/wp\/v2\/pages\/504","targetHints":{"allow":["GET"]}}],"collection":[{"href":"https:\/\/www.irland-fan.de\/index.php?rest_route=\/wp\/v2\/pages"}],"about":[{"href":"https:\/\/www.irland-fan.de\/index.php?rest_route=\/wp\/v2\/types\/page"}],"author":[{"embeddable":true,"href":"https:\/\/www.irland-fan.de\/index.php?rest_route=\/wp\/v2\/users\/1"}],"replies":[{"embeddable":true,"href":"https:\/\/www.irland-fan.de\/index.php?rest_route=%2Fwp%2Fv2%2Fcomments&post=504"}],"version-history":[{"count":4,"href":"https:\/\/www.irland-fan.de\/index.php?rest_route=\/wp\/v2\/pages\/504\/revisions"}],"predecessor-version":[{"id":550,"href":"https:\/\/www.irland-fan.de\/index.php?rest_route=\/wp\/v2\/pages\/504\/revisions\/550"}],"up":[{"embeddable":true,"href":"https:\/\/www.irland-fan.de\/index.php?rest_route=\/wp\/v2\/pages\/82"}],"wp:attachment":[{"href":"https:\/\/www.irland-fan.de\/index.php?rest_route=%2Fwp%2Fv2%2Fmedia&parent=504"}],"curies":[{"name":"wp","href":"https:\/\/api.w.org\/{rel}","templated":true}]}}