{"id":51,"date":"2016-08-26T16:43:33","date_gmt":"2016-08-26T14:43:33","guid":{"rendered":"http:\/\/dev.irland-fan.de\/?page_id=51"},"modified":"2016-12-14T17:49:51","modified_gmt":"2016-12-14T16:49:51","slug":"landschaft-der-seele","status":"publish","type":"page","link":"https:\/\/www.irland-fan.de\/?page_id=51","title":{"rendered":"Landschaft der Seele"},"content":{"rendered":"<p>Ankunft Dublin Airport.<br \/>\nDiesmal sind wir mit einer der Billigfluglinien geflogen.<br \/>\nIn der Ankunftshalle geht es zu wie auf einem Busbahnhof. Menschenschlangen stauen sich vor den einzelnen An-gleich Abflugschaltern. Gerade gelandet werden die Flugzeuge in Windeseile ent- und wieder beladen, aufgetankt und schon sind sie wieder in der Luft.<br \/>\nVor Jahren war es hier noch ganz anders.<br \/>\nManchmal mussten wir nach der Landung noch \u00fcber eine halbe Stunde warten, ehe die Gangway heran geschoben wurde, denn davon gab es auf dem gesamten Flugfeld nur einige wenige. Waren mehrere Maschinen kurz hintereinander gelandet, musste man einfach geduldig warten bis man selbst mit dem Aussteigen an der Reihe war.<br \/>\n\u201e Gott schuf die Zeit. Von Eile hat er nichts gesagt \u201e.<br \/>\nDieses alte irische Sprichwort bewahrheitete sich immer wieder in den vielen Jahren, in denen ich die Insel bereiste.<br \/>\nIrische Musik aus dem Bordlautsprecher verk\u00fcrzte die Wartezeit. Wir waren bes\u00e4nftigt und satt durch das fabelhafte Men\u00fc an Bord: ger\u00e4ucherter echter irischer Wildlachs, R\u00fchrei mit Speck, frische Scones und eventuell ein Glass Paddy.<br \/>\nDiesmal gab an vom Bordshop nur eines von den angepriesenen Minisnacks mit einem Glas Wasser.<br \/>\nUnd nun qu\u00e4len wir uns durch die wartenden Menschen und endlos langen G\u00e4nge des provisorischen Ankunftsgeb\u00e4udes f\u00fcr die Billigfluglinien, hetzen zum Leihwagenschalter und weg. Nur weg aus dem L\u00e4rm und Gedr\u00e4nge, weg aus Dublin, noch vor Einsetzen der rush-hour.<br \/>\nDer Verkehr nimmt mir den Atem. Rechts und links auf den mehrspurigen Stra\u00dfen brausen die neuesten Autotypen an mir vorbei. Wir versuchen mitzuhalten, keine Fehler beim links fahren zu riskieren, um m\u00f6glichst schnell das Verkehrsgew\u00fchl der Millionenstadt hinter uns zu bringen.<br \/>\nMit ein bisschen Wehmut denke ich an meinen Freund, der vor Jahren das erste Mal mit seinem Second Hand Mini aus Connemara nach Dublin gefahren war.<br \/>\nDie T\u00fcr zum Beifahrersitz hatte er mit einem Bindfaden so befestigt, dass sie durch den Fahrtwind nicht so ohne weitere aufgerissen werden konnte.<br \/>\nAls er, der in seinem Leben noch nie eine Verkehrsampel gesehen hatte, eine solche nat\u00fcrlich glatt \u00fcberfuhr, wurde er von einem Verkehrspolizisten angehalten. Der erkannte am Akzent den Mann aus Connemara . Er hielt den Verkehr auf der Kreuzung an und erkundigte sich erst einmal in aller Ruhe nach eventuellen gemeinsamen Verwandten und Bekannten aus diesem Teil des Landes.<br \/>\nWir sind froh, nach einer dreiviertel Stunde den Stress hinter uns zu haben und auf den neu gebauten Stra\u00dfen Richtung Westen gut voran zu kommen.<br \/>\nLangsam wird mir das Land vertrauter, durch die gelben Osterglocken an den Stra\u00dfenr\u00e4ndern, den immer bl\u00fchenden gelben Ginster auf den Wiesen, die rasch wechselnden Farben der Landschaft durch schnell vorbei ziehende Wolken, kurze Regenschauer, die pl\u00f6tzlich einen Regenbogen entstehen lassen.<br \/>\nHinter Galway endlich das Moor, die Heide, die Berge der Twelve Bens, klare Seen, K\u00fche und Schafe auf kargen Weiden.<br \/>\nDie liegen nur noch selten mitten auf den Stra\u00dfen, denn jetzt sind die Farmer verantwortlich, wenn eines ihrer Tiere \u00fcberfahren wird. Die Weiden m\u00fcssen eingez\u00e4unt sein. Fr\u00fcher, als es kaum Z\u00e4une gab trug der Autofahrer die Verantwortung<br \/>\nSp\u00e4t am Abend kommen wir in Clifden an.<br \/>\nDie Pubs sind noch offen. Davor dr\u00e4ngen sich die Raucher, jeder sein Glas Guiness in der Hand, in der anderen die Zigarette oder das Handy am Ohr.<br \/>\nDrinnen ist Rauchverbot .Dort stieren die meisten nur auf den Fernsehschirm, auf dem irgendwelche Sportsendungen laufen.<br \/>\nGespr\u00e4che miteinander, Interesse am Neuank\u00f6mmling findet man kaum noch.<br \/>\nWo sind die Geschichtenerz\u00e4hler, die Musikanten?<br \/>\nNur noch an den Wochenenden musizieren einige \u00c4ltere von ihnen auf Einladung des Pubbesitzers vor einem Publikum, das meist aus Touristen<br \/>\nbesteht.<br \/>\nDer\u201cKeltische Tiger\u201c hat alle fest im Griff.<br \/>\nAm n\u00e4chsten Tag \u2013 die Wanderung \u00fcber das Watt nach Omey Island \u2013l\u00e4sst die<br \/>\nSeele wieder atmen.<br \/>\nDas Meer hat sich zur\u00fcckgezogen. Die Wellen schlagen fast unh\u00f6rbar gegen den Sand. Die Luft ist klar. Hoch am Himmel jubilieren Lerchen.<br \/>\nSonst Stille.<br \/>\nDer Gang zur heiligen Quelle, dann zur jahrhunderte alten, vom D\u00fcnensand versch\u00fctteten, vom Wind wieder freigelegten Kirchenruine, zu den Gr\u00e4bern der M\u00f6nche, Pilger, Einsiedler aus einer l\u00e4ngst vergangenen Zeit bringt mir ein kleines St\u00fcck von der Insel der Heiligen, dem Land der Regenbogen, der Landschaft der Seele wieder zur\u00fcck.<\/p>\n","protected":false},"excerpt":{"rendered":"<p>Ankunft Dublin Airport. Diesmal sind wir mit einer der Billigfluglinien geflogen. In der Ankunftshalle geht es zu wie auf einem Busbahnhof. Menschenschlangen stauen sich vor den einzelnen An-gleich Abflugschaltern. Gerade gelandet werden die Flugzeuge in Windeseile ent- und wieder beladen, aufgetankt und schon sind sie wieder in der Luft. Vor Jahren war es hier noch [&hellip;]<\/p>\n","protected":false},"author":2,"featured_media":0,"parent":76,"menu_order":0,"comment_status":"closed","ping_status":"closed","template":"","meta":{"footnotes":""},"class_list":["post-51","page","type-page","status-publish","hentry"],"_links":{"self":[{"href":"https:\/\/www.irland-fan.de\/index.php?rest_route=\/wp\/v2\/pages\/51","targetHints":{"allow":["GET"]}}],"collection":[{"href":"https:\/\/www.irland-fan.de\/index.php?rest_route=\/wp\/v2\/pages"}],"about":[{"href":"https:\/\/www.irland-fan.de\/index.php?rest_route=\/wp\/v2\/types\/page"}],"author":[{"embeddable":true,"href":"https:\/\/www.irland-fan.de\/index.php?rest_route=\/wp\/v2\/users\/2"}],"replies":[{"embeddable":true,"href":"https:\/\/www.irland-fan.de\/index.php?rest_route=%2Fwp%2Fv2%2Fcomments&post=51"}],"version-history":[{"count":1,"href":"https:\/\/www.irland-fan.de\/index.php?rest_route=\/wp\/v2\/pages\/51\/revisions"}],"predecessor-version":[{"id":52,"href":"https:\/\/www.irland-fan.de\/index.php?rest_route=\/wp\/v2\/pages\/51\/revisions\/52"}],"up":[{"embeddable":true,"href":"https:\/\/www.irland-fan.de\/index.php?rest_route=\/wp\/v2\/pages\/76"}],"wp:attachment":[{"href":"https:\/\/www.irland-fan.de\/index.php?rest_route=%2Fwp%2Fv2%2Fmedia&parent=51"}],"curies":[{"name":"wp","href":"https:\/\/api.w.org\/{rel}","templated":true}]}}