{"id":563,"date":"2019-08-31T17:11:53","date_gmt":"2019-08-31T15:11:53","guid":{"rendered":"http:\/\/www.irland-fan.de\/?page_id=563"},"modified":"2019-09-08T12:13:05","modified_gmt":"2019-09-08T10:13:05","slug":"z_oh500","status":"publish","type":"page","link":"https:\/\/www.irland-fan.de\/?page_id=563","title":{"rendered":"Z_OH+500"},"content":{"rendered":"<figure id=\"attachment_562\" aria-describedby=\"caption-attachment-562\" style=\"width: 198px\" class=\"wp-caption alignright\"><a href=\"https:\/\/www.irland-fan.de\/wp-content\/uploads\/2019\/08\/Ausstellung-Z_OH500_Eutin-August-2019-bearb.jpg\"><img loading=\"lazy\" decoding=\"async\" class=\"wp-image-562 size-medium\" src=\"https:\/\/www.irland-fan.de\/wp-content\/uploads\/2019\/08\/Ausstellung-Z_OH500_Eutin-August-2019-bearb-198x300.jpg\" alt=\"\" width=\"198\" height=\"300\" srcset=\"https:\/\/www.irland-fan.de\/wp-content\/uploads\/2019\/08\/Ausstellung-Z_OH500_Eutin-August-2019-bearb-198x300.jpg 198w, https:\/\/www.irland-fan.de\/wp-content\/uploads\/2019\/08\/Ausstellung-Z_OH500_Eutin-August-2019-bearb-768x1162.jpg 768w, https:\/\/www.irland-fan.de\/wp-content\/uploads\/2019\/08\/Ausstellung-Z_OH500_Eutin-August-2019-bearb-700x1059.jpg 700w, https:\/\/www.irland-fan.de\/wp-content\/uploads\/2019\/08\/Ausstellung-Z_OH500_Eutin-August-2019-bearb.jpg 2000w\" sizes=\"auto, (max-width: 198px) 100vw, 198px\" \/><\/a><figcaption id=\"caption-attachment-562\" class=\"wp-caption-text\">Beitrag f\u00fcr Z_OH+500 von Karola Balzer-Joyce<\/figcaption><\/figure>\n<p>In meinen Gedichten beschreibe ich meine Eindr\u00fccke und Gef\u00fchle zur Natur und der Welt, in der ich lebe.<br \/>\nDieses Gedicht schrieb ich w\u00e4hrend einer Zugfahrt durch das Ruhrgebiet im April 2000.<br \/>\nAls ich von der Idee zu der Ausstellung Ostholstein im Jahr 2519 h\u00f6rte, fiel mir sofort dieses Gedicht ein und dazu malte ich dann dieses Bild: Die Insel Fehmarn durch den Klimawandel im Meer versunken. Doch die Natur ist st\u00e4rker &#8211; sie \u00fcberlebt.<\/p>\n<p>Und dennoch<br \/>\nwerden<br \/>\nB\u00e4ume gr\u00fcn<br \/>\ntrotz Rauch<br \/>\nund Qualm<br \/>\nund saurem Regen<br \/>\nund Treibhauseffekt<br \/>\nin der Luft<br \/>\ntrotz Dioxin<br \/>\nauf Giftm\u00fcllhalden<br \/>\nund Plastikschrott<br \/>\nam Wiesenrain<br \/>\ntrotz Gifteinleitung<br \/>\nin die Fl\u00fcsse<br \/>\nund Schwer\u00f6llast<br \/>\nauf der Flur.<br \/>\nDennoch<br \/>\nwerden<br \/>\nB\u00e4ume gr\u00fcn.<\/p>\n<p><strong>Z_OH+500 (Zukunft Ostholstein in 500 Jahren)<\/strong><b><br \/>\n<strong>\u2013 eine Ausstellung an vier (Kultur-)Orten in Ostholstein \u2013<\/strong><\/b><\/p>\n<p><b><\/b>Dem Aufruf, Visionen einer Zukunft Ostholsteins in 500 Jahren zu entwickeln, waren \u00fcber 100 Ostholsteiner*innen gefolgt. Die Einreichungen f\u00fcr das k\u00fcnstlerisch-partizipative Forschungsprojekt zu Zukunftsvisionen wurde in vier parallelen Ausstellungen im Schloss Eutin, in der Alten Schule Petersdorf auf Fehmarn, im zeiTTor in Neustadt und im Rathaus in Oldenburg gezeigt. Unter den eingereichten Arbeiten finden sich Zeichnungen, Gem\u00e4lde, Skulpturen, Videos, eine Computeranimation und Texte:<\/p>\n<p>\u201eDas Ungewisse der Zukunft spiegelt sich in der Vielfalt der abgegebenen Arbeiten\u201c so der Kommentar der Kuratorinnen.<\/p>\n<p>Organisatorinnen: Helene von Oldenburg, Kathrin Langenohl<br \/>\n<a href=\"http:\/\/www.z-oh500.xyz\">www.z-oh500.xyz<\/a><\/p>\n","protected":false},"excerpt":{"rendered":"<p>In meinen Gedichten beschreibe ich meine Eindr\u00fccke und Gef\u00fchle zur Natur und der Welt, in der ich lebe. Dieses Gedicht schrieb ich w\u00e4hrend einer Zugfahrt durch das Ruhrgebiet im April 2000. Als ich von der Idee zu der Ausstellung Ostholstein im Jahr 2519 h\u00f6rte, fiel mir sofort dieses Gedicht ein und dazu malte ich dann [&hellip;]<\/p>\n","protected":false},"author":2,"featured_media":0,"parent":0,"menu_order":0,"comment_status":"closed","ping_status":"closed","template":"","meta":{"footnotes":""},"class_list":["post-563","page","type-page","status-publish","hentry"],"_links":{"self":[{"href":"https:\/\/www.irland-fan.de\/index.php?rest_route=\/wp\/v2\/pages\/563","targetHints":{"allow":["GET"]}}],"collection":[{"href":"https:\/\/www.irland-fan.de\/index.php?rest_route=\/wp\/v2\/pages"}],"about":[{"href":"https:\/\/www.irland-fan.de\/index.php?rest_route=\/wp\/v2\/types\/page"}],"author":[{"embeddable":true,"href":"https:\/\/www.irland-fan.de\/index.php?rest_route=\/wp\/v2\/users\/2"}],"replies":[{"embeddable":true,"href":"https:\/\/www.irland-fan.de\/index.php?rest_route=%2Fwp%2Fv2%2Fcomments&post=563"}],"version-history":[{"count":14,"href":"https:\/\/www.irland-fan.de\/index.php?rest_route=\/wp\/v2\/pages\/563\/revisions"}],"predecessor-version":[{"id":589,"href":"https:\/\/www.irland-fan.de\/index.php?rest_route=\/wp\/v2\/pages\/563\/revisions\/589"}],"wp:attachment":[{"href":"https:\/\/www.irland-fan.de\/index.php?rest_route=%2Fwp%2Fv2%2Fmedia&parent=563"}],"curies":[{"name":"wp","href":"https:\/\/api.w.org\/{rel}","templated":true}]}}