{"id":592,"date":"2019-12-08T13:03:06","date_gmt":"2019-12-08T12:03:06","guid":{"rendered":"http:\/\/www.irland-fan.de\/?page_id=592"},"modified":"2025-10-20T19:45:14","modified_gmt":"2025-10-20T17:45:14","slug":"lyrische-impressionen-aus-irland","status":"publish","type":"page","link":"https:\/\/www.irland-fan.de\/?page_id=592","title":{"rendered":"Lyrische Impressionen aus Irland"},"content":{"rendered":"<p>Zum Buch \u201eLyrische Impressionen aus Irland\u201c<\/p>\n<p><img loading=\"lazy\" decoding=\"async\" class=\"alignleft wp-image-594\" src=\"https:\/\/www.irland-fan.de\/wp-content\/uploads\/2019\/12\/Titel_3D_Irland_2_web-300x300.png\" alt=\"Lyrische Impressionen aus Irland\" width=\"200\" height=\"200\" srcset=\"https:\/\/www.irland-fan.de\/wp-content\/uploads\/2019\/12\/Titel_3D_Irland_2_web-300x300.png 300w, https:\/\/www.irland-fan.de\/wp-content\/uploads\/2019\/12\/Titel_3D_Irland_2_web-150x150.png 150w, https:\/\/www.irland-fan.de\/wp-content\/uploads\/2019\/12\/Titel_3D_Irland_2_web-768x768.png 768w, https:\/\/www.irland-fan.de\/wp-content\/uploads\/2019\/12\/Titel_3D_Irland_2_web-700x700.png 700w, https:\/\/www.irland-fan.de\/wp-content\/uploads\/2019\/12\/Titel_3D_Irland_2_web.png 1594w\" sizes=\"auto, (max-width: 200px) 100vw, 200px\" \/>Angeregt von Heinrich B\u00f6lls \u201eIrisches Tagebuch\u201c, das im Jahr 1957 erschienen war, interessierte ich mich f\u00fcr Irland, besonders f\u00fcr die raue Westk\u00fcste am Atlantik (siehe Buch von H. B\u00f6ll) und reiste Anfang der 70ger Jahre des 20sten Jahrhundert zum ersten Mal auf die \u201egr\u00fcne Insel\u201c.<br \/>\nVon der Freundlichkeit ihrer Menschen, ihrer Gastfreundschaft, ihrem Interesse am Gegen\u00fcber, ihrer Zufriedenheit trotz schwieriger Lebensbedingungen und von der beeindruckenden Landschaft war ich sofort angetan.<br \/>\nZu der Zeit geh\u00f6rte Irland noch zu einem der \u00e4rmsten L\u00e4nder Europas. An der Westk\u00fcste gab es in vielen H\u00e4usern noch keinen Strom. Die Arbeitslosigkeit war hoch. Die medizinische Versorgung r\u00fcckst\u00e4ndig.<br \/>\nDoch gerade deshalb bewarb ich mich an einem Krankenhaus in Dublin und arbeitete dort f\u00fcr sechs Monate. Anschlie\u00dfend kaufte ich ein altes, renovierungsbed\u00fcrftiges Cottage in Connemara, lernte dort meinen sp\u00e4teren Mann kennen, heiratete und versuchte unter den damaligen Verh\u00e4ltnissen meinen Beruf als Land\u00e4rztin und meine Aufgaben als Farmersfrau unter einen Hut zu bringen. Diese Zeit habe ich in meinem Buch \u201eIrische Tagebuchbriefe\u201c beschrieben.<\/p>\n<p><img loading=\"lazy\" decoding=\"async\" class=\"alignright wp-image-598\" src=\"https:\/\/www.irland-fan.de\/wp-content\/uploads\/2019\/12\/Lesung_20191122_ERCC_DSC05669_Balzer-1_bearb_web-285x300.jpg\" alt=\"\" width=\"200\" height=\"211\" srcset=\"https:\/\/www.irland-fan.de\/wp-content\/uploads\/2019\/12\/Lesung_20191122_ERCC_DSC05669_Balzer-1_bearb_web-285x300.jpg 285w, https:\/\/www.irland-fan.de\/wp-content\/uploads\/2019\/12\/Lesung_20191122_ERCC_DSC05669_Balzer-1_bearb_web-768x810.jpg 768w, https:\/\/www.irland-fan.de\/wp-content\/uploads\/2019\/12\/Lesung_20191122_ERCC_DSC05669_Balzer-1_bearb_web-700x738.jpg 700w, https:\/\/www.irland-fan.de\/wp-content\/uploads\/2019\/12\/Lesung_20191122_ERCC_DSC05669_Balzer-1_bearb_web.jpg 1275w\" sizes=\"auto, (max-width: 200px) 100vw, 200px\" \/>Nach meiner R\u00fcckkehr nach Deutschland hielt ich mich j\u00e4hrlich einige Wochen in meinem Cottage in Connemara auf. Dabei entstanden diese Gedichte.<br \/>\nInzwischen habe ich viele Menschen kennengelernt, die ebenso wie ich von Irland, dessen Menschen, deren Kultur und Natur fasziniert sind. Ihnen und allen, die noch Irland-Fans werden k\u00f6nnen, habe ich dieses kleine Geschenkbuch gewidmet mit Gedichten, die \u00fcber die Jahre entstanden und auch die Ver\u00e4nderungen beschreiben, die dieses Land in den letzten 50 Jahren ver\u00e4ndert hat.<\/p>\n<p>\u201eGehe ruhig und gelassen durch L\u00e4rm und Hast und suche den Frieden in der Stille.\u201c<\/p>\n<p>Lyrische Impressionen aus Irland | Karola Balzer-Joyce<br \/>\nHardcover | 16&#215;16 cm | 52 Seiten\u00a0 | ISBN 978-3-947636-06-8 | \u20ac 15,90<\/p>\n","protected":false},"excerpt":{"rendered":"<p>Zum Buch \u201eLyrische Impressionen aus Irland\u201c Angeregt von Heinrich B\u00f6lls \u201eIrisches Tagebuch\u201c, das im Jahr 1957 erschienen war, interessierte ich mich f\u00fcr Irland, besonders f\u00fcr die raue Westk\u00fcste am Atlantik (siehe Buch von H. B\u00f6ll) und reiste Anfang der 70ger Jahre des 20sten Jahrhundert zum ersten Mal auf die \u201egr\u00fcne Insel\u201c. Von der Freundlichkeit ihrer [&hellip;]<\/p>\n","protected":false},"author":2,"featured_media":0,"parent":73,"menu_order":0,"comment_status":"closed","ping_status":"closed","template":"","meta":{"footnotes":""},"class_list":["post-592","page","type-page","status-publish","hentry"],"_links":{"self":[{"href":"https:\/\/www.irland-fan.de\/index.php?rest_route=\/wp\/v2\/pages\/592","targetHints":{"allow":["GET"]}}],"collection":[{"href":"https:\/\/www.irland-fan.de\/index.php?rest_route=\/wp\/v2\/pages"}],"about":[{"href":"https:\/\/www.irland-fan.de\/index.php?rest_route=\/wp\/v2\/types\/page"}],"author":[{"embeddable":true,"href":"https:\/\/www.irland-fan.de\/index.php?rest_route=\/wp\/v2\/users\/2"}],"replies":[{"embeddable":true,"href":"https:\/\/www.irland-fan.de\/index.php?rest_route=%2Fwp%2Fv2%2Fcomments&post=592"}],"version-history":[{"count":10,"href":"https:\/\/www.irland-fan.de\/index.php?rest_route=\/wp\/v2\/pages\/592\/revisions"}],"predecessor-version":[{"id":725,"href":"https:\/\/www.irland-fan.de\/index.php?rest_route=\/wp\/v2\/pages\/592\/revisions\/725"}],"up":[{"embeddable":true,"href":"https:\/\/www.irland-fan.de\/index.php?rest_route=\/wp\/v2\/pages\/73"}],"wp:attachment":[{"href":"https:\/\/www.irland-fan.de\/index.php?rest_route=%2Fwp%2Fv2%2Fmedia&parent=592"}],"curies":[{"name":"wp","href":"https:\/\/api.w.org\/{rel}","templated":true}]}}