{"id":686,"date":"2022-03-07T17:07:52","date_gmt":"2022-03-07T16:07:52","guid":{"rendered":"https:\/\/www.irland-fan.de\/?page_id=686"},"modified":"2022-03-07T17:07:52","modified_gmt":"2022-03-07T16:07:52","slug":"die-deutsche-wiedervereinigung","status":"publish","type":"page","link":"https:\/\/www.irland-fan.de\/?page_id=686","title":{"rendered":"Die deutsche Wiedervereinigung"},"content":{"rendered":"<p>\u201eNEHMET EINANDER AN\u201c<\/p>\n<p>Einigkeit und Recht und Freiheit<br \/>\nwerden Wahrheit<br \/>\nhier und jetzt. <\/p>\n<p>Wird der Geist<br \/>\nder sie vereinte<br \/>\ndurch Materie ersetzt? <\/p>\n<p>Wird dies pl\u00f6tzliche Geschenk<br \/>\neinen Funken nur bewahren,<br \/>\nder ein Licht entz\u00fcnden kann<br \/>\nin der Erde V\u00f6lkerscharen? <\/p>\n<p>Freude l\u00f6scht den Zweifel nicht,<br \/>\nder an meiner Hoffnung nagt,<br \/>\ndass die Chance die wir haben<br \/>\nnicht vertan ist noch vertagt.<\/p>\n<p>3.10.1990<\/p>\n","protected":false},"excerpt":{"rendered":"<p>\u201eNEHMET EINANDER AN\u201c Einigkeit und Recht und Freiheit werden Wahrheit hier und jetzt. Wird der Geist der sie vereinte durch Materie ersetzt? Wird dies pl\u00f6tzliche Geschenk einen Funken nur bewahren, der ein Licht entz\u00fcnden kann in der Erde V\u00f6lkerscharen? Freude l\u00f6scht den Zweifel nicht, der an meiner Hoffnung nagt, dass die Chance die wir haben [&hellip;]<\/p>\n","protected":false},"author":2,"featured_media":0,"parent":85,"menu_order":0,"comment_status":"closed","ping_status":"closed","template":"","meta":{"footnotes":""},"class_list":["post-686","page","type-page","status-publish","hentry"],"_links":{"self":[{"href":"https:\/\/www.irland-fan.de\/index.php?rest_route=\/wp\/v2\/pages\/686","targetHints":{"allow":["GET"]}}],"collection":[{"href":"https:\/\/www.irland-fan.de\/index.php?rest_route=\/wp\/v2\/pages"}],"about":[{"href":"https:\/\/www.irland-fan.de\/index.php?rest_route=\/wp\/v2\/types\/page"}],"author":[{"embeddable":true,"href":"https:\/\/www.irland-fan.de\/index.php?rest_route=\/wp\/v2\/users\/2"}],"replies":[{"embeddable":true,"href":"https:\/\/www.irland-fan.de\/index.php?rest_route=%2Fwp%2Fv2%2Fcomments&post=686"}],"version-history":[{"count":1,"href":"https:\/\/www.irland-fan.de\/index.php?rest_route=\/wp\/v2\/pages\/686\/revisions"}],"predecessor-version":[{"id":687,"href":"https:\/\/www.irland-fan.de\/index.php?rest_route=\/wp\/v2\/pages\/686\/revisions\/687"}],"up":[{"embeddable":true,"href":"https:\/\/www.irland-fan.de\/index.php?rest_route=\/wp\/v2\/pages\/85"}],"wp:attachment":[{"href":"https:\/\/www.irland-fan.de\/index.php?rest_route=%2Fwp%2Fv2%2Fmedia&parent=686"}],"curies":[{"name":"wp","href":"https:\/\/api.w.org\/{rel}","templated":true}]}}