{"id":690,"date":"2022-03-07T17:14:17","date_gmt":"2022-03-07T16:14:17","guid":{"rendered":"https:\/\/www.irland-fan.de\/?page_id=690"},"modified":"2022-03-07T17:14:17","modified_gmt":"2022-03-07T16:14:17","slug":"ernte","status":"publish","type":"page","link":"https:\/\/www.irland-fan.de\/?page_id=690","title":{"rendered":"Ernte"},"content":{"rendered":"<p>Goldene \u00c4pfel auf silbernen Schalen<br \/>\nduften verlockend, bet\u00f6rend, s\u00fc\u00df,<br \/>\nverhei\u00dfungsvoll, wie das Paradies.<br \/>\nGoldene \u00c4pfel auf silbernen Schalen,<br \/>\ngoldene Ernte im Silberkleid,<br \/>\nHimmelsgeschenk,<br \/>\nFrucht der Verf\u00fchrung<br \/>\nvom Anbeginn bis zum Ende der Zeit.<br \/>\nGoldene \u00c4pfel auf silbernen Schalen<br \/>\nduften verlockend, bet\u00f6rend, s\u00fc\u00df,<br \/>\nverhei\u00dfungsvoll, wie das Paradies.<\/p>\n","protected":false},"excerpt":{"rendered":"<p>Goldene \u00c4pfel auf silbernen Schalen duften verlockend, bet\u00f6rend, s\u00fc\u00df, verhei\u00dfungsvoll, wie das Paradies. Goldene \u00c4pfel auf silbernen Schalen, goldene Ernte im Silberkleid, Himmelsgeschenk, Frucht der Verf\u00fchrung vom Anbeginn bis zum Ende der Zeit. Goldene \u00c4pfel auf silbernen Schalen duften verlockend, bet\u00f6rend, s\u00fc\u00df, verhei\u00dfungsvoll, wie das Paradies.<\/p>\n","protected":false},"author":2,"featured_media":0,"parent":64,"menu_order":0,"comment_status":"closed","ping_status":"closed","template":"","meta":{"footnotes":""},"class_list":["post-690","page","type-page","status-publish","hentry"],"_links":{"self":[{"href":"https:\/\/www.irland-fan.de\/index.php?rest_route=\/wp\/v2\/pages\/690","targetHints":{"allow":["GET"]}}],"collection":[{"href":"https:\/\/www.irland-fan.de\/index.php?rest_route=\/wp\/v2\/pages"}],"about":[{"href":"https:\/\/www.irland-fan.de\/index.php?rest_route=\/wp\/v2\/types\/page"}],"author":[{"embeddable":true,"href":"https:\/\/www.irland-fan.de\/index.php?rest_route=\/wp\/v2\/users\/2"}],"replies":[{"embeddable":true,"href":"https:\/\/www.irland-fan.de\/index.php?rest_route=%2Fwp%2Fv2%2Fcomments&post=690"}],"version-history":[{"count":1,"href":"https:\/\/www.irland-fan.de\/index.php?rest_route=\/wp\/v2\/pages\/690\/revisions"}],"predecessor-version":[{"id":691,"href":"https:\/\/www.irland-fan.de\/index.php?rest_route=\/wp\/v2\/pages\/690\/revisions\/691"}],"up":[{"embeddable":true,"href":"https:\/\/www.irland-fan.de\/index.php?rest_route=\/wp\/v2\/pages\/64"}],"wp:attachment":[{"href":"https:\/\/www.irland-fan.de\/index.php?rest_route=%2Fwp%2Fv2%2Fmedia&parent=690"}],"curies":[{"name":"wp","href":"https:\/\/api.w.org\/{rel}","templated":true}]}}