{"id":701,"date":"2022-03-07T17:24:21","date_gmt":"2022-03-07T16:24:21","guid":{"rendered":"https:\/\/www.irland-fan.de\/?page_id=701"},"modified":"2022-03-07T17:24:21","modified_gmt":"2022-03-07T16:24:21","slug":"fuer-meine-mutter","status":"publish","type":"page","link":"https:\/\/www.irland-fan.de\/?page_id=701","title":{"rendered":"F\u00fcr meine Mutter"},"content":{"rendered":"<p>Klein ist Dein Gesicht geworden,<br \/>\neingefallen Deine Wangen.<br \/>\nNur ganz selten tritt ein L\u00e4cheln<br \/>\nauf Dein m\u00fcdes Angesicht. <\/p>\n<p>Schweigen herrscht zwischen uns beiden.<br \/>\nManchmal willst Du etwas sagen,<br \/>\ndoch verstehen kann ich nicht. <\/p>\n<p>Nur ersp\u00fcren und erf\u00fchlen<br \/>\nkann ich was in Deinem Herzen<br \/>\nin der Stille Dich bewegt. <\/p>\n<p>Oh, ich w\u00fcnsch Dir keine Schmerzen.<br \/>\nFrieden<br \/>\nw\u00fcnscht Dir mein Gebet. <\/p>\n<p>Deine H\u00e4nde sind gefaltet<br \/>\nals suchtest Du in Gott die Kraft<br \/>\nso Dein Schicksal zu ertragen<br \/>\nbis das Ende ist geschafft.<\/p>\n","protected":false},"excerpt":{"rendered":"<p>Klein ist Dein Gesicht geworden, eingefallen Deine Wangen. Nur ganz selten tritt ein L\u00e4cheln auf Dein m\u00fcdes Angesicht. Schweigen herrscht zwischen uns beiden. Manchmal willst Du etwas sagen, doch verstehen kann ich nicht. Nur ersp\u00fcren und erf\u00fchlen kann ich was in Deinem Herzen in der Stille Dich bewegt. Oh, ich w\u00fcnsch Dir keine Schmerzen. Frieden [&hellip;]<\/p>\n","protected":false},"author":2,"featured_media":0,"parent":82,"menu_order":0,"comment_status":"closed","ping_status":"closed","template":"","meta":{"footnotes":""},"class_list":["post-701","page","type-page","status-publish","hentry"],"_links":{"self":[{"href":"https:\/\/www.irland-fan.de\/index.php?rest_route=\/wp\/v2\/pages\/701","targetHints":{"allow":["GET"]}}],"collection":[{"href":"https:\/\/www.irland-fan.de\/index.php?rest_route=\/wp\/v2\/pages"}],"about":[{"href":"https:\/\/www.irland-fan.de\/index.php?rest_route=\/wp\/v2\/types\/page"}],"author":[{"embeddable":true,"href":"https:\/\/www.irland-fan.de\/index.php?rest_route=\/wp\/v2\/users\/2"}],"replies":[{"embeddable":true,"href":"https:\/\/www.irland-fan.de\/index.php?rest_route=%2Fwp%2Fv2%2Fcomments&post=701"}],"version-history":[{"count":1,"href":"https:\/\/www.irland-fan.de\/index.php?rest_route=\/wp\/v2\/pages\/701\/revisions"}],"predecessor-version":[{"id":702,"href":"https:\/\/www.irland-fan.de\/index.php?rest_route=\/wp\/v2\/pages\/701\/revisions\/702"}],"up":[{"embeddable":true,"href":"https:\/\/www.irland-fan.de\/index.php?rest_route=\/wp\/v2\/pages\/82"}],"wp:attachment":[{"href":"https:\/\/www.irland-fan.de\/index.php?rest_route=%2Fwp%2Fv2%2Fmedia&parent=701"}],"curies":[{"name":"wp","href":"https:\/\/api.w.org\/{rel}","templated":true}]}}