{"id":707,"date":"2022-03-07T17:25:52","date_gmt":"2022-03-07T16:25:52","guid":{"rendered":"https:\/\/www.irland-fan.de\/?page_id=707"},"modified":"2022-03-07T17:25:52","modified_gmt":"2022-03-07T16:25:52","slug":"weiterleben","status":"publish","type":"page","link":"https:\/\/www.irland-fan.de\/?page_id=707","title":{"rendered":"Weiterleben"},"content":{"rendered":"<p>Viele Menschen lassen dir etwas im Leben zur\u00fcck<br \/>\nGef\u00fchle, Gedanken, Gesten,<br \/>\nWorte,<br \/>\neinen Blick.<br \/>\nPl\u00f6tzlich blitzen sie auf.<br \/>\nDa ist dieser Mensch dir ganz nah<br \/>\nund es scheint,<br \/>\nals sei er immer schon da.<br \/>\nEr lebt in dir weiter,<br \/>\nweil er dich einmal ber\u00fchrt<br \/>\nund so unbewusst dein Leben mit f\u00fchrt.<\/p>\n<p>\u2013 Erinnerung an Karin Sach \u2013<\/p>\n","protected":false},"excerpt":{"rendered":"<p>Viele Menschen lassen dir etwas im Leben zur\u00fcck Gef\u00fchle, Gedanken, Gesten, Worte, einen Blick. Pl\u00f6tzlich blitzen sie auf. Da ist dieser Mensch dir ganz nah und es scheint, als sei er immer schon da. Er lebt in dir weiter, weil er dich einmal ber\u00fchrt und so unbewusst dein Leben mit f\u00fchrt. \u2013 Erinnerung an Karin [&hellip;]<\/p>\n","protected":false},"author":2,"featured_media":0,"parent":82,"menu_order":0,"comment_status":"closed","ping_status":"closed","template":"","meta":{"footnotes":""},"class_list":["post-707","page","type-page","status-publish","hentry"],"_links":{"self":[{"href":"https:\/\/www.irland-fan.de\/index.php?rest_route=\/wp\/v2\/pages\/707","targetHints":{"allow":["GET"]}}],"collection":[{"href":"https:\/\/www.irland-fan.de\/index.php?rest_route=\/wp\/v2\/pages"}],"about":[{"href":"https:\/\/www.irland-fan.de\/index.php?rest_route=\/wp\/v2\/types\/page"}],"author":[{"embeddable":true,"href":"https:\/\/www.irland-fan.de\/index.php?rest_route=\/wp\/v2\/users\/2"}],"replies":[{"embeddable":true,"href":"https:\/\/www.irland-fan.de\/index.php?rest_route=%2Fwp%2Fv2%2Fcomments&post=707"}],"version-history":[{"count":1,"href":"https:\/\/www.irland-fan.de\/index.php?rest_route=\/wp\/v2\/pages\/707\/revisions"}],"predecessor-version":[{"id":708,"href":"https:\/\/www.irland-fan.de\/index.php?rest_route=\/wp\/v2\/pages\/707\/revisions\/708"}],"up":[{"embeddable":true,"href":"https:\/\/www.irland-fan.de\/index.php?rest_route=\/wp\/v2\/pages\/82"}],"wp:attachment":[{"href":"https:\/\/www.irland-fan.de\/index.php?rest_route=%2Fwp%2Fv2%2Fmedia&parent=707"}],"curies":[{"name":"wp","href":"https:\/\/api.w.org\/{rel}","templated":true}]}}